e o(-6). What is the highest common divisor of p and z?
2
Suppose 11*m = 13*m - 4. Suppose -u = -4*y - 7, m*u - 7*u - 5*y = -85. Calculate the greatest common divisor of u and 135.
15
Let l be (4/4)/(4/8). Suppose v + 4*q = 4*v - 1444, -q + 970 = l*v. Suppose 4*w = 8*w - v. What is the greatest common divisor of w and 11?
11
Suppose -3*a = -15, w + 51 = 3*w + 5*a. Suppose -w*n + 17*n = 16. Suppose -4*o + n = -16. What is the greatest common factor of o and 25?
5
Let j(b) = -3*b**3 - 1. Let m be j(-1). Suppose -7*k + m*k = -110. Let z = -114 + 136. What is the highest common factor of k and z?
22
Suppose 78 = 2*i + 70. Suppose -i*c + 976 = -2*h, 0*h = c + 2*h - 249. What is the highest common factor of 35 and c?
35
Let l = -7 + -7. Let j be (-222)/l - 11/(-77). Let r = 1 - -7. Calculate the greatest common divisor of j and r.
8
Let a = 37 - 22. Let y = 4 + 41. Calculate the highest common divisor of a and y.
15
Let y = -1899 + 1907. What is the highest common divisor of y and 20?
4
Let a(t) = t**3 - t + 826. Let l be a(0). Suppose l + 338 = -4*m. Let f = m + 412. What is the highest common divisor of 11 and f?
11
Let b = 5 - 13. Let q be 2/b + (-9)/(-36). Let d = q - -2. What is the greatest common divisor of d and 14?
2
Suppose a = 535 - 211. Calculate the highest common divisor of 4 and a.
4
Let w be -1 - (-42)/5*(-435)/(-6). Calculate the greatest common factor of w and 38.
38
Suppose 0 = -j - 0*j + p + 33, -p = -2. Calculate the greatest common divisor of j and 10.
5
Let z(l) = -658*l**3 + 4*l**2 + 7*l + 1. Let q be z(-1). Calculate the highest common factor of 16 and q.
16
Suppose -3*l - 2*l = -1210. Let h(n) = -n**2 + 6*n + 29. Suppose -4*x + 12*x - 56 = 0. Let g be h(x). Calculate the greatest common divisor of l and g.
22
Suppose a - 3*z = 23, 11*a - 9*a = -3*z + 73. What is the highest common factor of 64 and a?
32
Let m(p) = 2*p**2 - 5*p + 5. Let t be m(4). Let z = t - -1. Let w be (0 - 1/1)*(-29 - 43). What is the highest common divisor of z and w?
18
Let j be (3 + 0)/3 - -1. Suppose -3*l = j - 38. Let c be -54*6/(0 + -3). Calculate the highest common divisor of c and l.
12
Let t be 4/22 - (-896)/154. Let j = -5 + 9. What is the greatest common divisor of t and j?
2
Let x = 1781 + -1045. Calculate the greatest common factor of 32 and x.
32
Suppose -77 = 3*w + 5*s - 699, -3*w - 4*s + 617 = 0. Let h = w + -118. What is the highest common factor of h and 9?
9
Suppose b = 1068 - 355. What is the greatest common factor of 31 and b?
31
Suppose -3*l + 1 = 10. Let c be (l + 4)/1 - 1. Suppose q + q - 30 = c. Calculate the greatest common divisor of q and 30.
15
Let b be ((-3 + -2)/5 - -5) + 56. What is the greatest common divisor of b and 210?
30
Let y(i) = 2*i**3 + 18*i**2 + 9*i - 2. Suppose 21*v = 8*v - 104. Let w be y(v). Calculate the highest common factor of 270 and w.
54
Suppose 57*j + 2490 = 9672. Calculate the greatest common factor of j and 210.
42
Suppose -3*l + p + 18 = 0, -p - 2 - 1 = 0. Let t = 54 + -78. Let j be (2 + t/15)*100. What is the greatest common divisor of j and l?
5
Suppose 3*b + 56 = 4*q - 3, 3*q + 5*b - 37 = 0. Let s = 135 + -37. What is the highest common divisor of s and q?
14
Suppose 197 = 30*q + 17. Calculate the highest common divisor of 762 and q.
6
Suppose -4*s - 29 = -2*c - 7*s, -2*c = -4*s - 64. What is the greatest common divisor of 1276 and c?
22
Suppose -2*r + 2*k = -14, 0*k - 2*k = 3*r - 1. Suppose r*v = -v + 416. Suppose -m - 23 = -v. What is the highest common factor of 9 and m?
9
Let l be 24/20*30/3. What is the greatest common factor of l and 300?
12
Let c be 159/(-1) + 2 + -5. Let n be (c/((-3)/(-1)))/(-1). Let y = 12 - 6. Calculate the highest common factor of n and y.
6
Let o = -34 - -74. Let v = o - -24. Calculate the highest common divisor of 16 and v.
16
Suppose -6*c + 3*c = -45. Suppose c*f - 32 = 14*f. Let u = 5 + -1. What is the greatest common divisor of f and u?
4
Let x(l) = 9*l - 9. Let b be x(5). Let z be (-32)/(-6)*b/12. What is the highest common factor of z and 16?
16
Let t be (18 + -1)*(-1 - -2). Suppose o = 2*o - t. Let q = -1712 - -1763. What is the greatest common divisor of o and q?
17
Let t = -556 + 380. Let r = t + 274. What is the highest common divisor of 28 and r?
14
Let b be ((-33)/22)/(3/(-4)). Let p be (-6*(-2)/7)/(b/133). Calculate the highest common divisor of 38 and p.
38
Let o = -321 + 355. Let u = 28 - 11. What is the highest common factor of u and o?
17
Let d be 22 + (-1 - (-1)/(-1)). Let u be -3 + 0 + 33 + 36/6. Let w be (182/9 + (-8)/u)/1. Calculate the greatest common factor of d and w.
20
Let l(g) = 3*g - 3. Let v(b) = -b**2 - 5*b - 10. Let j be v(-4). Let w be l(j). Let n be 6/w - 128/(-7). What is the highest common divisor of n and 126?
18
Let s be ((-9)/(-15))/((-12)/(-40)). Let k(t) = 11*t - t**2 - 2*t**2 + 4*t**s + 3. Let d be k(-11). What is the highest common divisor of 12 and d?
3
Suppose 70 = 2*t - 0*t. Suppose 2*l - 5*o = -0*l + 14, -5*l + t = -4*o. Let w be 15/(-35) - (-31)/l. What is the greatest common factor of 4 and w?
4
Let o be ((-4)/10)/((-4)/20). Let t be 0/(2/o*2). Suppose -6*j + j + 35 = t. Calculate the greatest common factor of 49 and j.
7
Let y(w) be the second derivative of -w**3/3 - 13*w**2/2 - 5*w. Let g be y(-9). Let z = g - -9. What is the greatest common factor of 2 and z?
2
Let u be (490/6)/(1/3). Suppose 0 = -4*q + n + 39, 0 = -0*q - 2*q - 3*n + 23. Let j = 25 + q. Calculate the greatest common divisor of j and u.
35
Suppose 2*r + 4*r = 0. Suppose 5*b - a - 123 = r, -a - 6 = a. Calculate the highest common factor of 48 and b.
24
Suppose 3*k - 475 = -2*k. Suppose -t + 0*t = -5. Suppose -8*f = -t*f - 57. What is the highest common factor of k and f?
19
Suppose 8*m - 39 - 249 = 0. Calculate the highest common divisor of 60 and m.
12
Let k be 2 - -1 - -1*(0 - -3). Let c(t) = -133*t - 1. Let u be c(-1). Let d = u - 66. Calculate the highest common factor of d and k.
6
Suppose 35*f + 595 = 52*f. Calculate the greatest common factor of 125 and f.
5
Let t = -5 + 6. Let g be 4*t*(-60)/6. Let k = 110 + g. Calculate the highest common divisor of 14 and k.
14
Let t be -1 - 3 - 1908/(-9). Let r = t - 21. Let g(m) = m**3 + 10*m**2 - 2*m - 3. Let k be g(-10). Calculate the greatest common divisor of r and k.
17
Let v(m) = -m**2 + 39*m + 255. Let k be v(42). Calculate the greatest common factor of k and 6.
3
Suppose -5669 - 7099 = -7*g. What is the highest common divisor of 171 and g?
57
Suppose 0 = 4*y + 38*u - 34*u - 20, -u - 37 = -5*y. What is the greatest common divisor of 5 and y?
1
Suppose -8*u = -9*u + 85. Let x(k) = k + 8. Let y be x(-5). Let g be (-195)/(-12) + y/4. What is the highest common factor of u and g?
17
Let z(b) = 8 - 2 + b**2 + 0 - 7*b. Let h be z(6). Suppose -4*a + 4*l + 84 = h, 5*l - 129 = a - 5*a. What is the greatest common divisor of 52 and a?
26
Let j = 9 + 25. Let g(h) = 14 - 4*h + 15 - 27 + 17*h**2 + 5*h. Let o be g(-2). Calculate the highest common divisor of j and o.
34
Suppose 4*u - 190 = 2*m, 8*u = 5*u - m + 150. What is the greatest common divisor of 245 and u?
49
Let u(f) = 3*f**2 + 6*f - 60. Let h be u(5). Let o = 5 - 0. What is the highest common divisor of o and h?
5
Let a be (-3)/6*2 + 76. Calculate the greatest common divisor of a and 105.
15
Suppose 4*u - 3*y + 597 = -0*u, -3*u - 445 = -5*y. Let x = 159 + u. What is the greatest common factor of x and 72?
9
Let u be (-8)/(-2) + 46/1. Let h be 9470/u + (-4)/10. Let o be h/14 - (-1)/2. Calculate the highest common factor of o and 84.
14
Let f be (35/14)/((-22)/(-20) - 1). Let d = 67 + -62. What is the highest common factor of f and d?
5
Let t be 1/(2 - (-3)/(-2)). Let g(q) = 44*q**2 - q. Let y be g(-1). Suppose 11 = -t*x + y. Calculate the greatest common divisor of x and 34.
17
Suppose 5*l = 2*l. Suppose l = -n + 5 + 31. Suppose h = -h + n. Calculate the highest common divisor of 6 and h.
6
Suppose 2*m = -17 + 5. Let p = 2 - m. Suppose 0 = 2*i + 3*g - 95, -2*g - 75 = -2*i - g. What is the highest common factor of p and i?
8
Suppose 2*j + 2*j - 32 = 0. Let o = -118 + 120. Suppose -86 = -a + o*s, 3*a - 153 = 5*s + 106. What is the greatest common factor of j and a?
8
Let v be -8*46/(-8)*2. What is the highest common factor of v and 32?
4
Suppose 519 = 